NOAA-Style Climate Reports
Select a Year or Month report
2024: Ene Feb Mar Abr May Jun Jul Ago Sep Oct Nov Dic
2023: Ene Feb Mar Abr May Jun Jul Ago Sep Oct Nov Dic
2022: Ene Feb Mar Abr May Jun Jul Ago Sep Oct Nov Dic
2021: Ene Feb Mar Abr May Jun Jul Ago Sep Oct Nov Dic
2020: Ene Feb Mar Abr May Jun Jul Ago Sep Oct Nov Dic
2019: Ene Feb Mar Abr May Jun Jul Ago Sep Oct Nov Dic
2018: Ene Feb Mar Abr May Jun Jul Ago Sep Oct Nov Dic
2017: Ene Feb Mar Abr May Jun Jul Ago Sep Oct Nov Dic
2016: Ene Feb Mar Abr May Jun Jul Ago Sep Oct Nov Dic
2015: Ene Feb Mar Abr May Jun Jul Ago Sep Oct Nov Dic
2014: Ene Feb Mar Abr May Jun Jul Ago Sep Oct Nov Dic
2013: Ene Feb Mar Abr May Jun Jul Ago Sep Oct Nov Dic
2012: Ene Feb Mar Abr May Jun Jul Ago Sep Oct Nov Dic
2024: Ene Feb Mar Abr May Jun Jul Ago Sep Oct Nov Dic
2023: Ene Feb Mar Abr May Jun Jul Ago Sep Oct Nov Dic
2022: Ene Feb Mar Abr May Jun Jul Ago Sep Oct Nov Dic
2021: Ene Feb Mar Abr May Jun Jul Ago Sep Oct Nov Dic
2020: Ene Feb Mar Abr May Jun Jul Ago Sep Oct Nov Dic
2019: Ene Feb Mar Abr May Jun Jul Ago Sep Oct Nov Dic
2018: Ene Feb Mar Abr May Jun Jul Ago Sep Oct Nov Dic
2017: Ene Feb Mar Abr May Jun Jul Ago Sep Oct Nov Dic
2016: Ene Feb Mar Abr May Jun Jul Ago Sep Oct Nov Dic
2015: Ene Feb Mar Abr May Jun Jul Ago Sep Oct Nov Dic
2014: Ene Feb Mar Abr May Jun Jul Ago Sep Oct Nov Dic
2013: Ene Feb Mar Abr May Jun Jul Ago Sep Oct Nov Dic
2012: Ene Feb Mar Abr May Jun Jul Ago Sep Oct Nov Dic
Informe para el 2023 Octubre
Daily NOAA report MONTHLY CLIMATOLOGICAL SUMMARY for OCT. 2023 NAME: Meteosanjuan CITY: Meteosanjuan STATE: Spain ELEV: 24 LAT: 037:21:39 LONG: 0006:01:50 TEMPERATURE ( °C), RAIN (mm), WIND SPEED (kmh) HEAT COOL AVG MEAN DEG DEG WIND DOM DAY TEMP HIGH TIME LOW TIME DAYS DAYS RAIN SPEED HIGH TIME DIR -------------------------------------------------------------------------------------------------------- 01 28.1 35.6 17:49 20.6 08:56 00.0 08.9 00.0 03.9 27.8 21:34 NW 02 27.3 35.8 18:12 18.8 06:11 00.0 08.8 00.0 03.4 20.4 21:40 NNW 03 27.1 34.6 17:27 19.7 08:38 00.0 08.1 00.0 01.4 16.6 21:40 NNW 04 26.6 33.5 18:54 19.8 08:51 00.0 07.5 00.0 01.6 18.5 23:37 WNW 05 26.8 34.2 18:11 19.3 08:53 00.0 07.5 00.0 03.7 25.9 15:10 N 06 27.6 35.3 18:44 19.8 06:33 00.0 08.4 00.0 03.7 20.4 09:53 NNW 07 28.5 35.8 17:06 21.2 09:04 00.0 09.1 00.0 03.7 20.4 20:12 NNW 08 27.2 34.6 17:46 19.9 08:51 00.0 08.1 00.0 04.6 24.1 16:24 N 09 25.3 32.2 18:13 18.4 08:52 00.0 06.6 00.0 02.8 24.1 21:59 NW 10 24.4 31.2 18:33 17.7 08:53 00.0 05.9 00.0 02.6 22.2 23:40 NNW 11 24.3 31.1 17:59 17.5 09:01 00.0 05.3 00.0 01.9 18.5 02:36 WNW 12 25.1 32.7 18:18 17.4 08:24 00.0 05.8 00.0 02.6 18.5 22:20 NW 13 23.3 28.5 16:42 18.2 08:32 00.0 04.9 00.0 01.5 18.5 20:20 W 14 23.6 27.1 17:29 20.0 06:40 00.0 04.6 01.0 02.7 24.1 17:41 SW 15 22.7 26.5 16:31 18.9 08:18 00.0 03.3 00.0 02.7 24.1 18:35 SSW 16 23.1 26.8 16:25 19.3 08:56 00.0 04.2 00.0 03.0 22.2 16:00 SSW 17 22.6 25.6 12:32 19.7 21:57 00.0 03.6 15.2 05.6 51.8 12:49 SSW 18 21.5 24.3 15:47 18.7 09:19 00.0 02.7 00.6 04.9 33.3 15:01 SW 19 18.8 21.6 17:11 16.0 19:14 00.0 01.0 40.6 08.7 62.9 15:55 SSW 20 17.9 21.3 17:54 14.4 08:28 00.6 00.0 00.0 06.2 33.3 14:28 WSW 21 16.8 20.8 17:51 12.7 08:52 01.6 00.0 00.0 00.8 12.9 14:04 N 22 17.4 20.6 19:04 14.2 09:23 02.5 00.0 24.0 07.1 74.0 19:12 NNE 23 15.9 19.7 18:25 12.1 05:48 03.2 00.0 00.2 01.1 20.4 19:50 W 24 16.1 20.8 16:40 11.4 08:48 02.4 00.0 01.4 02.5 25.9 16:39 SW 25 20.3 23.8 17:33 16.8 02:13 00.0 01.2 05.0 03.7 24.1 06:29 SW 26 19.4 22.4 16:11 16.4 06:14 00.0 00.8 03.8 05.2 38.9 16:17 SSW 27 19.0 22.4 17:35 15.6 09:49 00.0 00.1 00.0 03.3 24.1 16:39 WSW 28 18.0 22.1 17:43 13.9 09:12 00.7 00.0 00.0 02.4 25.9 18:22 SSW 29 18.4 22.0 15:34 14.8 07:19 00.7 00.0 05.2 04.3 33.3 13:07 SSW 30 18.0 20.7 15:05 15.2 01:15 00.9 00.0 15.0 03.5 31.4 14:59 N -------------------------------------------------------------------------------------------------------- 21.8 (22.4) 35.8 day 07 11.4 day 24 012.7 116.5 108.6 03.5 74.0 day 19 WSW Max > 30: 12 Min < 30: 30 Max Rain: 40.6 ON 19-10-23 Days of Rain: 11 (> .2mm) 7 (> 2mm) 2 (> 20mm)